
3097a20
In base 16, what is -dfe5f - 39?
-dfe98
In base 15, what is 3 - -ddc2a?
ddc2d
In base 10, what is 2835 - 1864?
971
In base 11, what is 1120785 + -70?
1120715
In base 5, what is 11020 + 42332?
103402
In base 5, what is -22401210 + 10?
-22401200
In base 6, what is 2131 + -3441003?
-3434432
In base 4, what is 10 + -30022302111?
-30022302101
In base 5, what is -3423131 - 123404?
-4102040
In base 15, what is -2e8d718 + -1?
-2e8d719
In base 13, what is -427 - -892?
468
In base 15, what is 21e2ba - 68?
21e252
In base 9, what is -314 + 103603?
103278
In base 7, what is -451620 - -1124?
-450463
In base 16, what is -46 + -7863?
-78a9
In base 14, what is 0 - 133d540a?
-133d540a
In base 3, what is -221002022 + 21101?
-220210221
In base 12, what is 5 + 5ab138b?
5ab1394
In base 13, what is 526c29 + -63?
526b96
In base 9, what is -137176821 - -2?
-137176818
In base 6, what is 14 + 5112410041?
5112410055
In base 7, what is -320162 + -10426?
-330621
In base 13, what is -b + 204171?
204163
In base 2, what is -1110110000 + -1?
-1110110001
In base 8, what is 253 - -404044?
404317
In base 13, what is -16 + -1b97a0b?
-1b97a24
In base 16, what is -a5049ee + 1?
-a5049ed
In base 6, what is 103141422 - 4?
103141414
In base 15, what is 11b8b + 36c2?
1535d
In base 2, what is 110101000011 - 1000101100010101?
-111110111010010
In base 14, what is -1 + 4dc09c?
4dc09b
In base 3, what is -1120021220201001 - 2?
-1120021220201010
In base 11, what is a545762 - 3?
a54575a
In base 8, what is -5 - 10003033?
-10003040
In base 3, what is -221 + 12201012100?
12201011102
In base 4, what is -11333332 + 12133?
-11321133
In base 6, what is 1211222 - 52?
1211130
In base 9, what is 160517 + -2456?
157051
In base 11, what is -17186702 - 5?
-17186707
In base 13, what is -a20 - -1c28a?
1b56a
In base 12, what is 2b - -4847b?
484aa
In base 11, what is 0 - 32756?
-32756
In base 14, what is -102 + 5c56?
5b54
In base 15, what is 3 - -1abd00?
1abd03
In base 12, what is -bb3 + 3156?
2163
In base 4, what is -333101003 + -211?
-333101220
In base 10, what is -648589 + 15?
-648574
In base 2, what is 10 - -110100111100110011111001?
110100111100110011111011
In base 14, what is -1a + -1571?
-158b
In base 7, what is 3166 - 130543?
-124344
In base 11, what is -79 + 5835373?
58352a5
In base 2, what is 111011101001101 - 100111000?
111011000010101
In base 11, what is 62 - 1286451?
-128639a
In base 13, what is -c2667 - -2b?
-c2639
In base 3, what is 12102101022220 + -20102?
12102101002111
In base 8, what is 3560 + -51162?
-45402
In base 6, what is 25352 + 2204?
32000
In base 8, what is 15076400 - 3?
15076375
In base 2, what is -11 - -100101011101010010111110?
100101011101010010111011
In base 6, what is 535334 - 1405?
533525
In base 16, what is -69 + -6f4b?
-6fb4
In base 10, what is -3181676 + -3?
-3181679
In base 9, what is 113 + -5340728?
-5340615
In base 16, what is 17a7691 + 25?
17a76b6
In base 13, what is 477 - 9596?
-911c
In base 7, what is -42361 + -25252?
-100643
In base 11, what is 392 - -707a97?
708379
In base 9, what is -16404 + -14130?
-31534
In base 12, what is b89 + 16b9?
2686
In base 14, what is -1119d404 + 5?
-1119d3dd
In base 13, what is 2365b3 + -73?
236540
In base 7, what is -343 + -1522640?
-1523313
In base 13, what is -2 - -a60a723?
a60a721
In base 11, what is 11 + 771197?
7711a8
In base 4, what is -10113301013323 - -10?
-10113301013313
In base 2, what is -101 - -111001000101101111100?
111001000101101110111
In base 4, what is -210202303002 - 1?
-210202303003
In base 3, what is -10220020 - -101122022020?
101111102000
In base 6, what is 2242 + 2551120?
2553402
In base 11, what is -1 - -26728699?
26728698
In base 9, what is 440704 + -517?
440176
In base 10, what is -16035 + -8?
-16043
In base 11, what is 4 + -3a733960?
-3a733957
In base 15, what is 53 + -d15a2?
-d154e
In base 7, what is -5 - 220462400?
-220462405
In base 6, what is -1121421 + -5102?
-1130523
In base 14, what is -903a54 + -4?
-903a58
In base 6, what is -4 - 13014204?
-13014212
In base 14, what is 3dc + -214d6?
-210d8
In base 4, what is 10133131003 + 32?
10133131101
In base 7, what is -11166414 - 1334?
-11201051
In base 7, what is -33 + -154346554?
-154346620
In base 12, what is -6 + -158317?
-158321
In base 12, what is -390 - -71b4?
6a24
In base 10, what is -23 + -307963?
-307986
In base 10, what is 5 + 33642565?
33642570
In base 9, what is 43187264 + 6?
43187271
In base 8, what is 10340 - 201043?
-170503
In base 14, what is 3b2 + -33177?
-32ba5
In base 10, what is -790559 + -864?
-791423
In base 11, what is -378a + 37029?
3334a
In base 7, what is 3153 - 61621?
-55435
In base 5, what is -3 + -233140310?
-233140313
In base 3, what is -11002120 - -1011102?
-2221011
In base 10, what is 5 - 133945931?
-133945926
In base 3, what is 1 - 20012012110212222?
-20012012110212221
In base 8, what is 2 + 22660001?
22660003
In base 15, what is -3 - 1bc44d2?
-1bc44d5
In base 16, what is 8087c9 - -2?
8087cb
In base 8, what is -263601 - -3656?
-257723
In base 14, what is 7680 - -40?
76c0
In base 12, what is -1b05819 - -53?
-1b05786
In base 8, what is -3 + 6543725?
6543722
In base 16, what is -5 - -167aeb8?
167aeb3
In base 3, what is 2222010001202 + -20?
2222010001112
In base 3, what is 121012211122012 + -110?
121012211121202
In base 4, what is 11021 + -21032313?
-21021232
In base 11, what is -4722 - 11540?
-16162
In base 13, what is -20 + 5745?
5725
In base 3, what is 221212220022020 - -1121?
221212220100211
In base 6, what is -2213 + 4030043?
4023430
In base 10, what is 2 - 115235945?
-115235943
In base 9, what is -40632265 + -13?
-40632278
In base 14, what is 365587 + b?
365594
In base 9, what is -4680213 - -14?
-4680188
In base 3, what is 10120 - -110002020220021?
110002021000211
In base 3, what is -1212001 + 100202021111?
100200102110
In base 15, what is -9d + -dc4c?
-dcea
In base 7, what is 2 - -204306050?
204306052
In base 14, what is 242 + 24892?
24ad4
In base 5, what is -3311 + 102234203?
102230342
In base 8, what is 2453621 - -33?
2453654
In base 6, what is -35254254 - -2443?
-35251411
In base 14, what is 14251 + 4752?
189a3
In base 9, what is 1032 - 1704?
-662
In base 2, what is -1010 + 10101111001101000010?
10101111001100111000
In base 10, what is 3 + 785314?
785317
In base 10, what is 325 + -18356?
-18031
In base 14, what is 3 - -7220b9b?
7220ba0
In base 14, what is -5b - -bd3b?
bcc0
In base 3, what is 122101222020 - 11200021?
122020021222
In base 12, what is -18 + -1b8a8b6?
-1b8a912
In base 9, what is -304 + 3641754?
3641450
In base 9, what is 1216 + -40570?
-38353
In base 10, what is -612 - -292895?
292283
In base 14, what is -2a4c70 + -1a?
-2a4c8a
In base 11, what is 1 - 5553a047?
-5553a046
In base 5, what is -232304034 + -2324?
-232311413
In base 10, what is -72621382 + 3?
-72621379
In base 10, what is -1126042 + 23?
-1126019
In base 6, what is 20244 + 15155131?
15215415
In base 10, what is 222 + 9426?
9648
In base 12, what is -19913 - 340?
-1a053
In base 14, what is -184a13b - -5?
-184a136
In base 16, what is 2 - -445552?
445554
In base 2, what is -101010100000 - -100110011111?
-100000001
In base 2, what is 100111000101 + 110000000001?
1010111000110
In base 12, what is -5085890a + 0?
-5085890a
In base 15, what is 423 - 10be6?
-107c3
In base 13, what is 12a114bc - -9?
12a114c8
In base 8, what is -70 + 1444767?
1444677
In base 4, what is 3 - -133223222132?
133223222201
In base 2, what is -1010100110000 + 10101111?
-1010010000001
In base 15, what is -c0 - c01ad?
-c027d
In base 5, what is -1004 - -1323302?
1322243
In base 9, what is -112077 + 1067?
-111010
In base 16, what is 5 + -2da52?
-2da4d
In base 5, what is 10200 + 4121234?
4131434
In base 7, what is 654 + 61331331?
61332315
In base 13, what is 1257c + 434?
129b3
In base 10, what is 1224349 + -396?
1223953
In base 12, what is 80b45 - -72?
80bb7
In base 5, what is 21102014 - -4400?
21111414
In base 5, what is 2301001 - 1300?
2244201
In base 4, what is 10012312203 + -3220?
10012302323
In base 12, what is 292 + 879919?
879bab
In base 4, what is 31 + -131220113221?
-131220113130
In base 14, what is 3b8a456 + 3?
3b8a459
In base 10, what is 175684 - 357?
175327
In base 11, what is 152 - -8166a?
81811
In base 4, what is 31021 - 2120001013?
-2113303332
In base 5, what is 404